{"id":152,"date":"2015-12-04T16:47:04","date_gmt":"2015-12-04T16:47:04","guid":{"rendered":"https:\/\/moriahsoftware.com.br\/site\/new\/?page_id=152"},"modified":"2019-08-30T14:50:15","modified_gmt":"2019-08-30T17:50:15","slug":"home","status":"publish","type":"page","link":"https:\/\/moriahsoftware.com.br\/site\/","title":{"rendered":"Home"},"content":{"rendered":"<p><div class=\"et_pb_section et_section_regular\" style='background-color:#3e8ebc;background-image:url(https:\/\/moriahsoftware.com.br\/site\/wp-content\/uploads\/2015\/12\/topo_site_home.jpg);'>\r\n\t\t\t\r\n\t\t\t\r\n\t\t\t\t\r\n\t\t\t\t<div class=\"et_pb_row\">\r\n\t\t\t<div class=\"et_pb_column et_pb_column_1_3\">\r\n\t\t\t<div class=\"et_pb_blurb et_pb_bg_layout_dark et_pb_text_align_center et_pb_blurb_position_top\">\r\n\t\t\t<div class=\"et_pb_blurb_content\">\r\n\t\t\t\t<div class=\"et_pb_main_blurb_image\"><a href=\"https:\/\/moriahsoftware.com.br\/site\/cursos-scriptcase\/\"><img decoding=\"async\" src=\"https:\/\/moriahsoftware.com.br\/site\/wp-content\/uploads\/2015\/12\/icon2.fw_.png\" alt=\"\" class=\"et-waypoint et_pb_animation_off\" \/><\/a><\/div>\r\n\t\t\t\t<h4><a href=\"https:\/\/moriahsoftware.com.br\/site\/cursos-scriptcase\/\">Cursos Scriptcase<\/a><\/h4>\r\n\t\t\t\t\r\n\t\t\t<\/div> <!-- .et_pb_blurb_content -->\r\n\t\t<\/div> <!-- .et_pb_blurb -->\r\n\t\t<\/div> <!-- .et_pb_column --><div class=\"et_pb_column et_pb_column_1_3\">\r\n\t\t\t<div class=\"et_pb_blurb et_pb_bg_layout_dark et_pb_text_align_center et_pb_blurb_position_top\">\r\n\t\t\t<div class=\"et_pb_blurb_content\">\r\n\t\t\t\t<div class=\"et_pb_main_blurb_image\"><a href=\"https:\/\/moriahsoftware.com.br\/site\/consultoria-scriptcase\/\"><img decoding=\"async\" src=\"https:\/\/moriahsoftware.com.br\/site\/wp-content\/uploads\/2015\/12\/icon4.fw_.png\" alt=\"\" class=\"et-waypoint et_pb_animation_off\" \/><\/a><\/div>\r\n\t\t\t\t<h4><a href=\"https:\/\/moriahsoftware.com.br\/site\/consultoria-scriptcase\/\">Consultoria Pontual<\/a><\/h4>\r\n\t\t\t\t\r\n\t\t\t<\/div> <!-- .et_pb_blurb_content -->\r\n\t\t<\/div> <!-- .et_pb_blurb -->\r\n\t\t<\/div> <!-- .et_pb_column --><div class=\"et_pb_column et_pb_column_1_3\">\r\n\t\t\t<div class=\"et_pb_blurb et_pb_bg_layout_dark et_pb_text_align_center et_pb_blurb_position_top\">\r\n\t\t\t<div class=\"et_pb_blurb_content\">\r\n\t\t\t\t<div class=\"et_pb_main_blurb_image\"><a href=\"https:\/\/moriahsoftware.com.br\/site\/desenvolvimento-de-sistemas\"><img decoding=\"async\" src=\"https:\/\/moriahsoftware.com.br\/site\/wp-content\/uploads\/2015\/12\/icon3.fw_.png\" alt=\"\" class=\"et-waypoint et_pb_animation_off\" \/><\/a><\/div>\r\n\t\t\t\t<h4><a href=\"https:\/\/moriahsoftware.com.br\/site\/desenvolvimento-de-sistemas\">Sistemas Personalizados<\/a><\/h4>\r\n\t\t\t\t\r\n\t\t\t<\/div> <!-- .et_pb_blurb_content -->\r\n\t\t<\/div> <!-- .et_pb_blurb -->\r\n\t\t<\/div> <!-- .et_pb_column -->\r\n\t\t<\/div> <!-- .et_pb_row --><div class=\"et_pb_row\">\r\n\t\t\t<div class=\"et_pb_column et_pb_column_4_4\">\r\n\t\t\t<div class=\"et_pb_text et_pb_bg_layout_dark et_pb_text_align_center\">\r\n\t\t\t\n<h1 style=\"font-size: 32px; font-weight: 300;\">\u00a0Somos a <strong>\u00fanica<\/strong> empresa reconhecida e autorizada pelo fabricante do Scriptcase a elaborar treinamentos para a ferramenta a n\u00edvel Brasil.<\/h1>\n\r\n\t\t<\/div> <!-- .et_pb_text -->\r\n\t\t<\/div> <!-- .et_pb_column -->\r\n\t\t<\/div> <!-- .et_pb_row -->\r\n\t\t\t\r\n\t\t<\/div> <!-- .et_pb_section --><div class=\"et_pb_section et_section_regular\">\r\n\t\t\t\r\n\t\t\t\r\n\t\t\t\t\r\n\t\t\t\t<div class=\"et_pb_row\">\r\n\t\t\t<div class=\"et_pb_column et_pb_column_1_3\">\r\n\t\t\t<div class=\"et_pb_blurb et_pb_bg_layout_light et_pb_text_align_left et_pb_blurb_position_left\">\r\n\t\t\t<div class=\"et_pb_blurb_content\">\r\n\t\t\t\t<div class=\"et_pb_main_blurb_image\"><span class=\"et-pb-icon et-waypoint et_pb_animation_left\" style=\"color: #1681c6;\">\ue0ef<\/span><\/div>\r\n\t\t\t\t<h4>Moriah Software<\/h4>\r\n\t\t\t\tCNPJ: 29.972.020\/0001-06<\/p>\n<p>Condom\u00ednio Panamerica Park<br \/>\nAv. Guido Caloi, 1000, 4\u00b0 andar \u2013 Bloco 5<br \/>\nCEP.: 05802-140 \u2013 Santo Amaro \u2013 SP<\/p>\n<p>Telefones: (11) 5505-2342\u00a0 \/\u00a0 98981-7017<\/p>\n<p style=\"text-align: justify;\"><a href=\"mailto:Comercial@moriahsoftware.com.br\">contato@moriahsoftware.com.br<\/a>\r\n\t\t\t<\/div> <!-- .et_pb_blurb_content -->\r\n\t\t<\/div> <!-- .et_pb_blurb -->\r\n\t\t<\/div> <!-- .et_pb_column --><div class=\"et_pb_column et_pb_column_2_3\">\r\n\t\t\t<div class=\"et_pb_text et_pb_bg_layout_light et_pb_text_align_left\">\r\n\t\t\tN\u00f3s somos a <strong>Moriah Software<\/strong>\u00a0ou se preferir somente <strong>Moriah<\/strong>. Somos uma empresa especializada em <a title=\"Conhe\u00e7a nosso servi\u00e7o de desenvolvimento de sistemas\" href=\"https:\/\/moriahsoftware.com.br\/site\/desenvolvimento-de-sistemas\/\" target=\"_blank\" rel=\"noopener noreferrer\">desenvolvimento de sistemas<\/a>, <a title=\"Conhe\u00e7a nosso servi\u00e7o de consultoria\" href=\"https:\/\/moriahsoftware.com.br\/site\/consultoria-scriptcase\/\" target=\"_blank\" rel=\"noopener noreferrer\">consultoria na \u00e1rea de desenvolvimento<\/a> e representante oficial do software Scriptcase em todo territ\u00f3rio nacional. Ajudamos todo o tipo de pessoa\/empresa que tenha alguma necessidade dentro do seu meio e procura a tecnologia como forma de suprir essa necessidade. Nossa equipe de desenvolvimento \u00e9 conhecida em todo o Brasil, por ser r\u00e1pida e eficaz no desenvolvimento. J\u00e1 nossa consultoria, \u00e9 um dos nossos servi\u00e7os mais bem falados em todo o territ\u00f3rio nacional! Somos a \u00fanica empresa no Brasil autorizada pela fabricante do software Scriptcase a elaborar e ministrar os cursos. \r\n\t\t<\/div> <!-- .et_pb_text -->\r\n\t\t<\/div> <!-- .et_pb_column -->\r\n\t\t<\/div> <!-- .et_pb_row -->\r\n\t\t\t\r\n\t\t<\/div> <!-- .et_pb_section --><div class=\"et_pb_section et_section_regular\" style='background-color:#3399cc;'>\r\n\t\t\t\r\n\t\t\t\r\n\t\t\t\t\r\n\t\t\t\t<div class=\"et_pb_row\">\r\n\t\t\t<div class=\"et_pb_column et_pb_column_1_3\">\r\n\t\t\t<div class=\"et_pb_blurb et_pb_bg_layout_dark et_pb_text_align_left et_pb_blurb_position_left\">\r\n\t\t\t<div class=\"et_pb_blurb_content\">\r\n\t\t\t\t<div class=\"et_pb_main_blurb_image\"><span class=\"et-pb-icon et-waypoint et_pb_animation_off\" style=\"color: #0c314a;\">\ue090<\/span><\/div>\r\n\t\t\t\t<h4>Compre pelo telefone:<\/h4>\r\n\t\t\t\t(11) 5505-2342 \/ 98981-7017 (WhatsApp)\r\n\t\t\t<\/div> <!-- .et_pb_blurb_content -->\r\n\t\t<\/div> <!-- .et_pb_blurb --><div class=\"et_pb_blurb et_pb_bg_layout_dark et_pb_text_align_left et_pb_blurb_position_left\">\r\n\t\t\t<div class=\"et_pb_blurb_content\">\r\n\t\t\t\t<div class=\"et_pb_main_blurb_image\"><span class=\"et-pb-icon et-waypoint et_pb_animation_off\" style=\"color: #0c314a;\">\ue08a<\/span><\/div>\r\n\t\t\t\t<h4>Atendimento<\/h4>\r\n\t\t\t\tEst\u00e1 precisando de ajuda? <span style=\"\/\/text-decoration: underline;\"><a style=\"color: #0c314a; \/\/text-decoration: underline;\" href=\"https:\/\/moriahsoftware.com.br\/site\/contato\">Clique aqui<\/a><\/span>\r\n\t\t\t<\/div> <!-- .et_pb_blurb_content -->\r\n\t\t<\/div> <!-- .et_pb_blurb --><div class=\"et_pb_blurb et_pb_bg_layout_dark et_pb_text_align_left et_pb_blurb_position_left\">\r\n\t\t\t<div class=\"et_pb_blurb_content\">\r\n\t\t\t\t<div class=\"et_pb_main_blurb_image\"><span class=\"et-pb-icon et-waypoint et_pb_animation_off\" style=\"color: #0c314a;\">\ue08c<\/span><\/div>\r\n\t\t\t\t<h4>Servi\u00e7os:<\/h4>\r\n\t\t\t\t\n<p><a style=\"color: #ffffff;\" title=\"Conhe\u00e7a nossos cursos Scriptcase\" href=\"https:\/\/moriahsoftware.com.br\/site\/cursos-scriptcase\/\">Cursos Scriptcase<\/a><\/p>\n<p><a style=\"color: #ffffff;\" title=\"Conhe\u00e7a nosso servi\u00e7o de consultoria\" href=\"https:\/\/moriahsoftware.com.br\/site\/consultoria-scriptcase\/\">Consultoria Pontual<\/a><\/p>\n<p><a style=\"color: #ffffff;\" title=\"Conhe\u00e7a nosso servi\u00e7o de desenvolvimento de sistemas\" href=\"https:\/\/moriahsoftware.com.br\/site\/desenvolvimento-de-sistemas\">Sistemas Personalizados<\/a><\/p>\n\r\n\t\t\t<\/div> <!-- .et_pb_blurb_content -->\r\n\t\t<\/div> <!-- .et_pb_blurb -->\r\n\t\t<\/div> <!-- .et_pb_column --><div class=\"et_pb_column et_pb_column_1_3\">\r\n\t\t\t<div class=\"et_pb_blurb et_pb_bg_layout_dark et_pb_text_align_left et_pb_blurb_position_left\">\r\n\t\t\t<div class=\"et_pb_blurb_content\">\r\n\t\t\t\t<div class=\"et_pb_main_blurb_image\"><span class=\"et-pb-icon et-waypoint et_pb_animation_off\" style=\"color: #0c314a;\">\ue072<\/span><\/div>\r\n\t\t\t\t<h4>J\u00e1 conhece o Scriptcase?<\/h4>\r\n\t\t\t\tPodemos te apresentar em 90 segundos! <a style=\"color: #0c314a;\" href=\"https:\/\/moriahsoftware.com.br\/site\/scriptcase\/\">Clique aqui<\/a>\r\n\t\t\t<\/div> <!-- .et_pb_blurb_content -->\r\n\t\t<\/div> <!-- .et_pb_blurb --><ul class=\"et_pb_social_media_follow et_pb_bg_layout_dark clearfix\">\r\n\t\t\t<li class=\"et_pb_social_icon et_pb_social_network_link et-social-youtube\">\r\n\t\t\t<a href=\"https:\/\/www.youtube.com\/user\/VideosScriptcase\" class=\"icon circle\" title=\"Youtube\" target=\"_blank\" style=\"background-color: #a82400;\"><span>Youtube<\/span><\/a>\r\n\t\t\t\r\n\t\t<\/li>\r\n\t\t<\/ul> <!-- .et_pb_counters -->\r\n\t\t<\/div> <!-- .et_pb_column --><div class=\"et_pb_column et_pb_column_1_3\">\r\n\t\t\t<div class=\"et_pb_text et_pb_bg_layout_light et_pb_text_align_left\">\r\n\t\t\t<script type=\"text\/javascript\" src=\"https:\/\/static.mailerlite.com\/data\/webforms\/563751\/a8a2m2.js?v5\"><\/script>\r\n\t\t<\/div> <!-- .et_pb_text -->\r\n\t\t<\/div> <!-- .et_pb_column -->\r\n\t\t<\/div> <!-- .et_pb_row -->\r\n\t\t\t\r\n\t\t<\/div> <!-- .et_pb_section --><\/p>\n","protected":false},"excerpt":{"rendered":"","protected":false},"author":1,"featured_media":0,"parent":0,"menu_order":0,"comment_status":"closed","ping_status":"closed","template":"","meta":{"footnotes":"","_links_to":"","_links_to_target":""},"class_list":["post-152","page","type-page","status-publish","hentry"],"yoast_head":"<!-- This site is optimized with the Yoast SEO plugin v24.9 - https:\/\/yoast.com\/wordpress\/plugins\/seo\/ -->\n<title>Moriah Software - Representante Oficial Scriptcase<\/title>\n<meta name=\"description\" content=\"N\u00f3s somos a\u00a0Moriah Software. Somos uma empresa especializada emdesenvolvimento de sistemas,\u00a0consultoria na \u00e1rea de desenvolvimento\u00a0e representante oficial do software Scriptcase em todo territ\u00f3rio nacional.\u00a0\" \/>\n<meta name=\"robots\" content=\"index, follow, max-snippet:-1, max-image-preview:large, max-video-preview:-1\" \/>\n<link rel=\"canonical\" href=\"https:\/\/moriahsoftware.com.br\/site\/\" \/>\n<meta property=\"og:locale\" content=\"pt_BR\" \/>\n<meta property=\"og:type\" content=\"article\" \/>\n<meta property=\"og:title\" content=\"Moriah Software - Representante Oficial Scriptcase\" \/>\n<meta property=\"og:description\" content=\"N\u00f3s somos a\u00a0Moriah Software. Somos uma empresa especializada emdesenvolvimento de sistemas,\u00a0consultoria na \u00e1rea de desenvolvimento\u00a0e representante oficial do software Scriptcase em todo territ\u00f3rio nacional.\u00a0\" \/>\n<meta property=\"og:url\" content=\"https:\/\/moriahsoftware.com.br\/site\/\" \/>\n<meta property=\"og:site_name\" content=\"Moriah Software\" \/>\n<meta property=\"article:modified_time\" content=\"2019-08-30T17:50:15+00:00\" \/>\n<meta name=\"twitter:card\" content=\"summary_large_image\" \/>\n<meta name=\"twitter:label1\" content=\"Est. tempo de leitura\" \/>\n\t<meta name=\"twitter:data1\" content=\"4 minutos\" \/>\n<script type=\"application\/ld+json\" class=\"yoast-schema-graph\">{\"@context\":\"https:\/\/schema.org\",\"@graph\":[{\"@type\":\"WebPage\",\"@id\":\"https:\/\/moriahsoftware.com.br\/site\/\",\"url\":\"https:\/\/moriahsoftware.com.br\/site\/\",\"name\":\"Moriah Software - Representante Oficial Scriptcase\",\"isPartOf\":{\"@id\":\"https:\/\/moriahsoftware.com.br\/site\/#website\"},\"datePublished\":\"2015-12-04T16:47:04+00:00\",\"dateModified\":\"2019-08-30T17:50:15+00:00\",\"description\":\"N\u00f3s somos a\u00a0Moriah Software. Somos uma empresa especializada emdesenvolvimento de sistemas,\u00a0consultoria na \u00e1rea de desenvolvimento\u00a0e representante oficial do software Scriptcase em todo territ\u00f3rio nacional.\u00a0\",\"breadcrumb\":{\"@id\":\"https:\/\/moriahsoftware.com.br\/site\/#breadcrumb\"},\"inLanguage\":\"pt-BR\",\"potentialAction\":[{\"@type\":\"ReadAction\",\"target\":[\"https:\/\/moriahsoftware.com.br\/site\/\"]}]},{\"@type\":\"BreadcrumbList\",\"@id\":\"https:\/\/moriahsoftware.com.br\/site\/#breadcrumb\",\"itemListElement\":[{\"@type\":\"ListItem\",\"position\":1,\"name\":\"In\u00edcio\",\"item\":\"https:\/\/moriahsoftware.com.br\/site\/\"},{\"@type\":\"ListItem\",\"position\":2,\"name\":\"Home\"}]},{\"@type\":\"WebSite\",\"@id\":\"https:\/\/moriahsoftware.com.br\/site\/#website\",\"url\":\"https:\/\/moriahsoftware.com.br\/site\/\",\"name\":\"Moriah Software\",\"description\":\"Solu\u00e7\u00f5es Web\",\"publisher\":{\"@id\":\"https:\/\/moriahsoftware.com.br\/site\/#organization\"},\"potentialAction\":[{\"@type\":\"SearchAction\",\"target\":{\"@type\":\"EntryPoint\",\"urlTemplate\":\"https:\/\/moriahsoftware.com.br\/site\/?s={search_term_string}\"},\"query-input\":{\"@type\":\"PropertyValueSpecification\",\"valueRequired\":true,\"valueName\":\"search_term_string\"}}],\"inLanguage\":\"pt-BR\"},{\"@type\":\"Organization\",\"@id\":\"https:\/\/moriahsoftware.com.br\/site\/#organization\",\"name\":\"Avant Solu\u00e7\u00f5es Web\",\"url\":\"https:\/\/moriahsoftware.com.br\/site\/\",\"logo\":{\"@type\":\"ImageObject\",\"inLanguage\":\"pt-BR\",\"@id\":\"https:\/\/moriahsoftware.com.br\/site\/#\/schema\/logo\/image\/\",\"url\":\"https:\/\/moriahsoftware.com.br\/site\/wp-content\/uploads\/2015\/12\/logo_site.fw_.png\",\"contentUrl\":\"https:\/\/moriahsoftware.com.br\/site\/wp-content\/uploads\/2015\/12\/logo_site.fw_.png\",\"width\":46,\"height\":47,\"caption\":\"Avant Solu\u00e7\u00f5es Web\"},\"image\":{\"@id\":\"https:\/\/moriahsoftware.com.br\/site\/#\/schema\/logo\/image\/\"}}]}<\/script>\n<!-- \/ Yoast SEO plugin. -->","yoast_head_json":{"title":"Moriah Software - Representante Oficial Scriptcase","description":"N\u00f3s somos a\u00a0Moriah Software. Somos uma empresa especializada emdesenvolvimento de sistemas,\u00a0consultoria na \u00e1rea de desenvolvimento\u00a0e representante oficial do software Scriptcase em todo territ\u00f3rio nacional.\u00a0","robots":{"index":"index","follow":"follow","max-snippet":"max-snippet:-1","max-image-preview":"max-image-preview:large","max-video-preview":"max-video-preview:-1"},"canonical":"https:\/\/moriahsoftware.com.br\/site\/","og_locale":"pt_BR","og_type":"article","og_title":"Moriah Software - Representante Oficial Scriptcase","og_description":"N\u00f3s somos a\u00a0Moriah Software. Somos uma empresa especializada emdesenvolvimento de sistemas,\u00a0consultoria na \u00e1rea de desenvolvimento\u00a0e representante oficial do software Scriptcase em todo territ\u00f3rio nacional.\u00a0","og_url":"https:\/\/moriahsoftware.com.br\/site\/","og_site_name":"Moriah Software","article_modified_time":"2019-08-30T17:50:15+00:00","twitter_card":"summary_large_image","twitter_misc":{"Est. tempo de leitura":"4 minutos"},"schema":{"@context":"https:\/\/schema.org","@graph":[{"@type":"WebPage","@id":"https:\/\/moriahsoftware.com.br\/site\/","url":"https:\/\/moriahsoftware.com.br\/site\/","name":"Moriah Software - Representante Oficial Scriptcase","isPartOf":{"@id":"https:\/\/moriahsoftware.com.br\/site\/#website"},"datePublished":"2015-12-04T16:47:04+00:00","dateModified":"2019-08-30T17:50:15+00:00","description":"N\u00f3s somos a\u00a0Moriah Software. Somos uma empresa especializada emdesenvolvimento de sistemas,\u00a0consultoria na \u00e1rea de desenvolvimento\u00a0e representante oficial do software Scriptcase em todo territ\u00f3rio nacional.\u00a0","breadcrumb":{"@id":"https:\/\/moriahsoftware.com.br\/site\/#breadcrumb"},"inLanguage":"pt-BR","potentialAction":[{"@type":"ReadAction","target":["https:\/\/moriahsoftware.com.br\/site\/"]}]},{"@type":"BreadcrumbList","@id":"https:\/\/moriahsoftware.com.br\/site\/#breadcrumb","itemListElement":[{"@type":"ListItem","position":1,"name":"In\u00edcio","item":"https:\/\/moriahsoftware.com.br\/site\/"},{"@type":"ListItem","position":2,"name":"Home"}]},{"@type":"WebSite","@id":"https:\/\/moriahsoftware.com.br\/site\/#website","url":"https:\/\/moriahsoftware.com.br\/site\/","name":"Moriah Software","description":"Solu\u00e7\u00f5es Web","publisher":{"@id":"https:\/\/moriahsoftware.com.br\/site\/#organization"},"potentialAction":[{"@type":"SearchAction","target":{"@type":"EntryPoint","urlTemplate":"https:\/\/moriahsoftware.com.br\/site\/?s={search_term_string}"},"query-input":{"@type":"PropertyValueSpecification","valueRequired":true,"valueName":"search_term_string"}}],"inLanguage":"pt-BR"},{"@type":"Organization","@id":"https:\/\/moriahsoftware.com.br\/site\/#organization","name":"Avant Solu\u00e7\u00f5es Web","url":"https:\/\/moriahsoftware.com.br\/site\/","logo":{"@type":"ImageObject","inLanguage":"pt-BR","@id":"https:\/\/moriahsoftware.com.br\/site\/#\/schema\/logo\/image\/","url":"https:\/\/moriahsoftware.com.br\/site\/wp-content\/uploads\/2015\/12\/logo_site.fw_.png","contentUrl":"https:\/\/moriahsoftware.com.br\/site\/wp-content\/uploads\/2015\/12\/logo_site.fw_.png","width":46,"height":47,"caption":"Avant Solu\u00e7\u00f5es Web"},"image":{"@id":"https:\/\/moriahsoftware.com.br\/site\/#\/schema\/logo\/image\/"}}]}},"_links":{"self":[{"href":"https:\/\/moriahsoftware.com.br\/site\/wp-json\/wp\/v2\/pages\/152","targetHints":{"allow":["GET"]}}],"collection":[{"href":"https:\/\/moriahsoftware.com.br\/site\/wp-json\/wp\/v2\/pages"}],"about":[{"href":"https:\/\/moriahsoftware.com.br\/site\/wp-json\/wp\/v2\/types\/page"}],"author":[{"embeddable":true,"href":"https:\/\/moriahsoftware.com.br\/site\/wp-json\/wp\/v2\/users\/1"}],"replies":[{"embeddable":true,"href":"https:\/\/moriahsoftware.com.br\/site\/wp-json\/wp\/v2\/comments?post=152"}],"version-history":[{"count":230,"href":"https:\/\/moriahsoftware.com.br\/site\/wp-json\/wp\/v2\/pages\/152\/revisions"}],"predecessor-version":[{"id":4154,"href":"https:\/\/moriahsoftware.com.br\/site\/wp-json\/wp\/v2\/pages\/152\/revisions\/4154"}],"wp:attachment":[{"href":"https:\/\/moriahsoftware.com.br\/site\/wp-json\/wp\/v2\/media?parent=152"}],"curies":[{"name":"wp","href":"https:\/\/api.w.org\/{rel}","templated":true}]}}